{"id":36762,"date":"2018-08-12T08:04:28","date_gmt":"2018-08-12T08:04:28","guid":{"rendered":"http:\/\/centrodeolivaryaceite.com\/aviso-legal\/"},"modified":"2020-08-27T08:35:53","modified_gmt":"2020-08-27T08:35:53","slug":"aviso-legal","status":"publish","type":"page","link":"https:\/\/centrodeolivaryaceite.com\/es\/aviso-legal\/","title":{"rendered":"Aviso Legal"},"content":{"rendered":"<p>De acuerdo con lo establecido en el Reglamento General de Protecci\u00f3n de Datos 2016\/679 (RGPD) y la Ley Org\u00e1nica 3\/2018, de 5 de diciembre, de Protecci\u00f3n de Datos Personales y Garant\u00eda de los Derechos Digitales, le informamos que trataremos sus datos personales con la finalidad de:<\/p>\n<p>Usaremos sus datos obtenidos de esta p\u00e1gina web para gestionar su registro como usuario, gestionar la compra de productos y\/o servicios, atender sus consultas asi\u0301 como para, en caso de que lo deseen, enviarle nuestras comunicaciones personalizada.<\/p>\n<p>Los datos personales proporcionados se conservar\u00e1n, mientras se mantenga la relaci\u00f3n mercantil, no se solicite su supresi\u00f3n por el interesado, o durante 1 a\u00f1o a partir de la \u00faltima confirmaci\u00f3n de inter\u00e9s, o durante el tiempo necesario para cumplir con las obligaciones legales. La empresa NO tomar\u00e1 decisiones automatizadas. Los datos no se ceder\u00e1n a terceros salvo en los casos en que exista una obligaci\u00f3n legal y los trataremos en base a su consentimiento o ejecuci\u00f3n de un contrato.<\/p>\n<p>Asimismo, le informamos de la posibilidad de ejercer los siguientes derechos sobre sus datos personales: derecho de acceso, rectificaci\u00f3n, supresi\u00f3n u olvido, limitaci\u00f3n, oposici\u00f3n, portabilidad y a retirar el consentimiento prestado, para ello podr\u00e1 enviar un email a: info@centrodeolivaryaceite.com<\/p>\n<p>Adem\u00e1s, el interesado puede dirigirse a la Autoridad de Control en materia de Protecci\u00f3n de Datos competente para obtener informaci\u00f3n adicional o presentar una reclamaci\u00f3n.<\/p>\n<p>Aviso para consumidores del \u00c1rea Econ\u00f3mica Europea: es recomendable que se nos informe primero de cualquier reclamaci\u00f3n a trav\u00e9s del Servicio de Atenci\u00f3n al Cliente\/Contacto de nuestra web. Si eso no resuelve el problema, podr\u00e1 presentar la reclamaci\u00f3n a trav\u00e9s de la plataforma de la Uni\u00f3n Europea de resoluci\u00f3n de litigios en l\u00ednea, que encontrar\u00e1s aqu\u00ed:\u00a0<a class=\"bui-link\" href=\"http:\/\/ec.europa.eu\/odr\" target=\"_blank\" rel=\"noopener noreferrer\">http:\/\/ec.europa.eu\/odr<\/a>.<\/p>\n<p>Datos identificativos del responsable:<\/p>\n<p>Asociaci\u00f3n Olivar y Aceite Provincia de Ja\u00e9n, G23710072, Corredera de San Fernando 32 &#8211; 23400 &#8211; \u00dabeda &#8211; JAEN, 953755889<\/p>\n","protected":false},"excerpt":{"rendered":"<p>De acuerdo con lo establecido en el Reglamento General de Protecci\u00f3n de Datos 2016\/679 (RGPD) y la Ley Org\u00e1nica 3\/2018, de 5 de diciembre, de Protecci\u00f3n de Datos Personales y Garant\u00eda de los Derechos Digitales, le informamos que trataremos sus datos personales con la finalidad de: Usaremos sus datos obtenidos de esta p\u00e1gina web para [&hellip;]<\/p>\n","protected":false},"author":1,"featured_media":0,"parent":0,"menu_order":0,"comment_status":"closed","ping_status":"closed","template":"","meta":{"_et_pb_use_builder":"","_et_pb_old_content":"","_et_gb_content_width":"","footnotes":""},"class_list":["post-36762","page","type-page","status-publish","hentry"],"jetpack_sharing_enabled":true,"jetpack_shortlink":"https:\/\/wp.me\/P95A9q-9yW","_links":{"self":[{"href":"https:\/\/centrodeolivaryaceite.com\/es\/wp-json\/wp\/v2\/pages\/36762\/"}],"collection":[{"href":"https:\/\/centrodeolivaryaceite.com\/es\/wp-json\/wp\/v2\/pages\/"}],"about":[{"href":"https:\/\/centrodeolivaryaceite.com\/es\/wp-json\/wp\/v2\/types\/page\/"}],"author":[{"embeddable":true,"href":"https:\/\/centrodeolivaryaceite.com\/es\/wp-json\/wp\/v2\/users\/1\/"}],"replies":[{"embeddable":true,"href":"https:\/\/centrodeolivaryaceite.com\/es\/wp-json\/wp\/v2\/comments\/?post=36762"}],"version-history":[{"count":0,"href":"https:\/\/centrodeolivaryaceite.com\/es\/wp-json\/wp\/v2\/pages\/36762\/revisions\/"}],"wp:attachment":[{"href":"https:\/\/centrodeolivaryaceite.com\/es\/wp-json\/wp\/v2\/media\/?parent=36762"}],"curies":[{"name":"wp","href":"https:\/\/api.w.org\/{rel}","templated":true}]}}

<p>De acuerdo con lo establecido en el Reglamento General de Protección de Datos 2016/679 (RGPD) y la Ley Orgánica 3/2018, de 5 de diciembre, de Protección de Datos Personales y Garantía de los Derechos Digitales, le informamos que trataremos sus datos personales con la finalidad de:</p>
<p>Usaremos sus datos obtenidos de esta página web para gestionar su registro como usuario, gestionar la compra de productos y/o servicios, atender sus consultas así como para, en caso de que lo deseen, enviarle nuestras comunicaciones personalizada.</p>
<p>Los datos personales proporcionados se conservarán, mientras se mantenga la relación mercantil, no se solicite su supresión por el interesado, o durante 1 año a partir de la última confirmación de interés, o durante el tiempo necesario para cumplir con las obligaciones legales. La empresa NO tomará decisiones automatizadas. Los datos no se cederán a terceros salvo en los casos en que exista una obligación legal y los trataremos en base a su consentimiento o ejecución de un contrato.</p>
<p>Asimismo, le informamos de la posibilidad de ejercer los siguientes derechos sobre sus datos personales: derecho de acceso, rectificación, supresión u olvido, limitación, oposición, portabilidad y a retirar el consentimiento prestado, para ello podrá enviar un email a: info@centrodeolivaryaceite.com</p>
<p>Además, el interesado puede dirigirse a la Autoridad de Control en materia de Protección de Datos competente para obtener información adicional o presentar una reclamación.</p>
<p>Aviso para consumidores del Área Económica Europea: es recomendable que se nos informe primero de cualquier reclamación a través del Servicio de Atención al Cliente/Contacto de nuestra web. Si eso no resuelve el problema, podrá presentar la reclamación a través de la plataforma de la Unión Europea de resolución de litigios en línea, que encontrarás aquí: <a class="bui-link" href="http://ec.europa.eu/odr" target="_blank" rel="noopener noreferrer">http://ec.europa.eu/odr</a>.</p>
<p>Datos identificativos del responsable:</p>
<p>Asociación Olivar y Aceite Provincia de Jaén, G23710072, Corredera de San Fernando 32 &#8211; 23400 &#8211; Úbeda &#8211; JAEN, 953755889</p>

<p>De acuerdo con lo establecido en el Reglamento General de Protección de Datos 2016/679 (RGPD) y la Ley Orgánica 3/2018, de 5 de diciembre, de Protección de Datos Personales y Garantía de los Derechos Digitales, le informamos que trataremos sus datos personales con la finalidad de: Usaremos sus datos obtenidos de esta página web para [&hellip;]</p>
