{"id":36763,"date":"2018-08-12T08:04:28","date_gmt":"2018-08-12T08:04:28","guid":{"rendered":"http:\/\/centrodeolivaryaceite.com\/politica-de-privacidad\/"},"modified":"2019-06-27T11:35:37","modified_gmt":"2019-06-27T11:35:37","slug":"politica-de-privacidad","status":"publish","type":"page","link":"https:\/\/centrodeolivaryaceite.com\/es\/politica-de-privacidad\/","title":{"rendered":"Pol\u00edtica de Privacidad"},"content":{"rendered":"<p>En cumplimiento del art\u00edculo 10 de la Ley 34\/2002, de \u00a011 de julio, de Servicios de la Sociedad de la Informaci\u00f3n y Comercio Electr\u00f3nico (LSSICE) a continuaci\u00f3n se detallan los datos identificativos de la entidad:<\/p>\n<p>Raz\u00f3n social: Asociaci\u00f3n Olivar y Aceite Provincia de Ja\u00e9n<\/p>\n<p>NIF: G23710072<\/p>\n<p>Direcci\u00f3n: Corredera de San Fernando 32 &#8211; 23400 &#8211; \u00dabeda &#8211; JAEN<\/p>\n<p>Tel\u00e9fono: 953755889<\/p>\n<p>Email: info@centrodeolivaryaceite.com<\/p>\n<p>FINALIDAD DE LA P\u00c1GINA WEB.<\/p>\n<p>El objetivo de la web de www.centrodeolivaryaceitelaloma.com (en adelante la Web) tiene como finalidad informar a los usuarios, que disponen de informaci\u00f3n que se ofrece de forma gratuita y accesible para todo el mundo sin necesidad de abonar ning\u00fan importe en ning\u00fan momento del acceso. Es sobre este entorno especialmente, sobre el que la Asociaci\u00f3n Olivar y Aceite Provincia de Ja\u00e9n, desea establecer las presentes condiciones y limitaciones de uso, que se extiende y a\u00f1ade en todas las cl\u00e1usulas complementarias y no contradictorias a las que puedan cubrir otras partes de la web sujetas a condiciones generales y\/o particulares.<\/p>\n<p>Incluso unas condiciones particulares en el caso de ser necesario para servicios concretos, estas deber\u00e1n de ser puestas a disposici\u00f3n del usuario de forma fehaciente por cualquier medio y visadas de forma espec\u00edfica por el usuario, antes de que ambas partes las consideren aceptadas y obren en consecuencia.<\/p>\n<p>Usaremos sus datos (obtenidos online o en persona), para gestionar su registro como usuario, gestionar la compra de productos y\/o servicios, atender sus consultas asi\u0301 como para, en caso de que lo deseen, enviarle nuestras comunicaciones personalizadas.<\/p>\n<p>El presente aviso legal (en adelante, el \u00abAviso Legal\u00bb) regula el uso del sitio web: www.centrodeolivaryaceitelaloma.com<\/p>\n<p>LEGISLACI\u00d3N.<\/p>\n<p>Con car\u00e1cter general las relaciones entre Asociaci\u00f3n Olivar y Aceite Provincia de Ja\u00e9n\u00a0 y los Usuarios de sus servicios telem\u00e1ticos, presentes en este sitio web, se encuentran sometidas a la legislaci\u00f3n y jurisdicci\u00f3n espa\u00f1olas.<\/p>\n<p>USO Y ACCESO DE USUARIOS.<\/p>\n<p>El Usuario queda informado, y acepta, que el acceso a la presente web no supone, en modo alguno, el inicio de una relaci\u00f3n comercial con Asociaci\u00f3n Olivar y Aceite Provincia de Ja\u00e9n\u00a0 o cualquiera de sus delegaciones.<\/p>\n<p>PROPIEDAD INTELECTUAL E INDUSTRIAL.<\/p>\n<p>Los derechos de propiedad intelectual del contenido de las p\u00e1ginas web, su dise\u00f1o gr\u00e1fico y c\u00f3digos son titularidad de Asociaci\u00f3n Olivar y Aceite Provincia de Ja\u00e9n\u00a0 y, por tanto, queda prohibida su reproducci\u00f3n, distribuci\u00f3n, comunicaci\u00f3n p\u00fablica, transformaci\u00f3n o cualquier otra actividad que se pueda realizar con los contenidos de sus p\u00e1ginas web ni aun citando las fuentes, salvo consentimiento por escrito de Asociaci\u00f3n Olivar y Aceite Provincia de Ja\u00e9n .<\/p>\n<p>CONTENIDO DE LA WEB Y ENLACES (LINKS).<\/p>\n<p>Asociaci\u00f3n Olivar y Aceite Provincia de Ja\u00e9n\u00a0 \u00a0se reserva el derecho a actualizar, modificar o eliminar la informaci\u00f3n contenida en sus p\u00e1ginas web pudiendo incluso limitar o no permitir el acceso a dicha informaci\u00f3n a ciertos usuarios.<\/p>\n<p>Asociaci\u00f3n Olivar y Aceite Provincia de Ja\u00e9n\u00a0 no asume responsabilidad alguna por la informaci\u00f3n contenida en p\u00e1ginas web de terceros a las que se pueda acceder por \u00ablinks\u00bb o enlaces desde cualquier p\u00e1gina web propiedad de Asociaci\u00f3n Olivar y Aceite Provincia de Ja\u00e9n . La presencia de \u00ablinks\u00bb o enlaces en las p\u00e1ginas web de Asociaci\u00f3n Olivar y Aceite Provincia de Ja\u00e9n\u00a0 tiene finalidad meramente informativa y en ning\u00fan caso supone sugerencia, invitaci\u00f3n o recomendaci\u00f3n sobre los mismos.<\/p>\n<p>&nbsp;<\/p>\n<p>&nbsp;<\/p>\n","protected":false},"excerpt":{"rendered":"<p>En cumplimiento del art\u00edculo 10 de la Ley 34\/2002, de \u00a011 de julio, de Servicios de la Sociedad de la Informaci\u00f3n y Comercio Electr\u00f3nico (LSSICE) a continuaci\u00f3n se detallan los datos identificativos de la entidad: Raz\u00f3n social: Asociaci\u00f3n Olivar y Aceite Provincia de Ja\u00e9n NIF: G23710072 Direcci\u00f3n: Corredera de San Fernando 32 &#8211; 23400 &#8211; [&hellip;]<\/p>\n","protected":false},"author":1,"featured_media":0,"parent":0,"menu_order":0,"comment_status":"closed","ping_status":"closed","template":"","meta":{"_et_pb_use_builder":"","_et_pb_old_content":"","_et_gb_content_width":"","footnotes":""},"class_list":["post-36763","page","type-page","status-publish","hentry"],"jetpack_sharing_enabled":true,"jetpack_shortlink":"https:\/\/wp.me\/P95A9q-9yX","_links":{"self":[{"href":"https:\/\/centrodeolivaryaceite.com\/es\/wp-json\/wp\/v2\/pages\/36763\/"}],"collection":[{"href":"https:\/\/centrodeolivaryaceite.com\/es\/wp-json\/wp\/v2\/pages\/"}],"about":[{"href":"https:\/\/centrodeolivaryaceite.com\/es\/wp-json\/wp\/v2\/types\/page\/"}],"author":[{"embeddable":true,"href":"https:\/\/centrodeolivaryaceite.com\/es\/wp-json\/wp\/v2\/users\/1\/"}],"replies":[{"embeddable":true,"href":"https:\/\/centrodeolivaryaceite.com\/es\/wp-json\/wp\/v2\/comments\/?post=36763"}],"version-history":[{"count":0,"href":"https:\/\/centrodeolivaryaceite.com\/es\/wp-json\/wp\/v2\/pages\/36763\/revisions\/"}],"wp:attachment":[{"href":"https:\/\/centrodeolivaryaceite.com\/es\/wp-json\/wp\/v2\/media\/?parent=36763"}],"curies":[{"name":"wp","href":"https:\/\/api.w.org\/{rel}","templated":true}]}}

Política de Privacidad

<p>En cumplimiento del artículo 10 de la Ley 34/2002, de  11 de julio, de Servicios de la Sociedad de la Información y Comercio Electrónico (LSSICE) a continuación se detallan los datos identificativos de la entidad:</p>
<p>Razón social: Asociación Olivar y Aceite Provincia de Jaén</p>
<p>NIF: G23710072</p>
<p>Dirección: Corredera de San Fernando 32 &#8211; 23400 &#8211; Úbeda &#8211; JAEN</p>
<p>Teléfono: 953755889</p>
<p>Email: info@centrodeolivaryaceite.com</p>
<p>FINALIDAD DE LA PÁGINA WEB.</p>
<p>El objetivo de la web de www.centrodeolivaryaceitelaloma.com (en adelante la Web) tiene como finalidad informar a los usuarios, que disponen de información que se ofrece de forma gratuita y accesible para todo el mundo sin necesidad de abonar ningún importe en ningún momento del acceso. Es sobre este entorno especialmente, sobre el que la Asociación Olivar y Aceite Provincia de Jaén, desea establecer las presentes condiciones y limitaciones de uso, que se extiende y añade en todas las cláusulas complementarias y no contradictorias a las que puedan cubrir otras partes de la web sujetas a condiciones generales y/o particulares.</p>
<p>Incluso unas condiciones particulares en el caso de ser necesario para servicios concretos, estas deberán de ser puestas a disposición del usuario de forma fehaciente por cualquier medio y visadas de forma específica por el usuario, antes de que ambas partes las consideren aceptadas y obren en consecuencia.</p>
<p>Usaremos sus datos (obtenidos online o en persona), para gestionar su registro como usuario, gestionar la compra de productos y/o servicios, atender sus consultas así como para, en caso de que lo deseen, enviarle nuestras comunicaciones personalizadas.</p>
<p>El presente aviso legal (en adelante, el «Aviso Legal») regula el uso del sitio web: www.centrodeolivaryaceitelaloma.com</p>
<p>LEGISLACIÓN.</p>
<p>Con carácter general las relaciones entre Asociación Olivar y Aceite Provincia de Jaén  y los Usuarios de sus servicios telemáticos, presentes en este sitio web, se encuentran sometidas a la legislación y jurisdicción españolas.</p>
<p>USO Y ACCESO DE USUARIOS.</p>
<p>El Usuario queda informado, y acepta, que el acceso a la presente web no supone, en modo alguno, el inicio de una relación comercial con Asociación Olivar y Aceite Provincia de Jaén  o cualquiera de sus delegaciones.</p>
<p>PROPIEDAD INTELECTUAL E INDUSTRIAL.</p>
<p>Los derechos de propiedad intelectual del contenido de las páginas web, su diseño gráfico y códigos son titularidad de Asociación Olivar y Aceite Provincia de Jaén  y, por tanto, queda prohibida su reproducción, distribución, comunicación pública, transformación o cualquier otra actividad que se pueda realizar con los contenidos de sus páginas web ni aun citando las fuentes, salvo consentimiento por escrito de Asociación Olivar y Aceite Provincia de Jaén .</p>
<p>CONTENIDO DE LA WEB Y ENLACES (LINKS).</p>
<p>Asociación Olivar y Aceite Provincia de Jaén   se reserva el derecho a actualizar, modificar o eliminar la información contenida en sus páginas web pudiendo incluso limitar o no permitir el acceso a dicha información a ciertos usuarios.</p>
<p>Asociación Olivar y Aceite Provincia de Jaén  no asume responsabilidad alguna por la información contenida en páginas web de terceros a las que se pueda acceder por «links» o enlaces desde cualquier página web propiedad de Asociación Olivar y Aceite Provincia de Jaén . La presencia de «links» o enlaces en las páginas web de Asociación Olivar y Aceite Provincia de Jaén  tiene finalidad meramente informativa y en ningún caso supone sugerencia, invitación o recomendación sobre los mismos.</p>
<p>&nbsp;</p>
<p>&nbsp;</p>

<p>En cumplimiento del artículo 10 de la Ley 34/2002, de  11 de julio, de Servicios de la Sociedad de la Información y Comercio Electrónico (LSSICE) a continuación se detallan los datos identificativos de la entidad: Razón social: Asociación Olivar y Aceite Provincia de Jaén NIF: G23710072 Dirección: Corredera de San Fernando 32 &#8211; 23400 &#8211; [&hellip;]</p>
